{"version":"1.0","provider_name":"enT\u00e0ndem","provider_url":"https:\/\/entandem.cat\/fr\/","author_name":"adminTandem","author_url":"https:\/\/entandem.cat\/fr\/author\/admintandem\/","title":"L'AFEV ouvre un nouveau si\u00e8ge \u00e0 Val\u00e8ncia - enT\u00e0ndem","type":"rich","width":600,"height":338,"html":"<blockquote class=\"wp-embedded-content\" data-secret=\"gmdeM4WhrE\"><a href=\"https:\/\/entandem.cat\/fr\/savais-tu-que\/lafev-ouvre-un-nouveau-siege-valencia\/\">L&rsquo;AFEV ouvre un nouveau si\u00e8ge \u00e0 Val\u00e8ncia<\/a><\/blockquote><iframe sandbox=\"allow-scripts\" security=\"restricted\" src=\"https:\/\/entandem.cat\/fr\/savais-tu-que\/lafev-ouvre-un-nouveau-siege-valencia\/embed\/#?secret=gmdeM4WhrE\" width=\"600\" height=\"338\" title=\"\u00ab\u00a0L&rsquo;AFEV ouvre un nouveau si\u00e8ge \u00e0 Val\u00e8ncia\u00a0\u00bb &#8212; enT\u00e0ndem\" data-secret=\"gmdeM4WhrE\" frameborder=\"0\" marginwidth=\"0\" marginheight=\"0\" scrolling=\"no\" class=\"wp-embedded-content\"><\/iframe><script type=\"text\/javascript\">\n\/* <![CDATA[ *\/\n\/*! This file is auto-generated *\/\n!function(d,l){\"use strict\";l.querySelector&&d.addEventListener&&\"undefined\"!=typeof URL&&(d.wp=d.wp||{},d.wp.receiveEmbedMessage||(d.wp.receiveEmbedMessage=function(e){var t=e.data;if((t||t.secret||t.message||t.value)&&!\/[^a-zA-Z0-9]\/.test(t.secret)){for(var s,r,n,a=l.querySelectorAll('iframe[data-secret=\"'+t.secret+'\"]'),o=l.querySelectorAll('blockquote[data-secret=\"'+t.secret+'\"]'),c=new RegExp(\"^https?:$\",\"i\"),i=0;i<o.length;i++)o[i].style.display=\"none\";for(i=0;i<a.length;i++)s=a[i],e.source===s.contentWindow&&(s.removeAttribute(\"style\"),\"height\"===t.message?(1e3<(r=parseInt(t.value,10))?r=1e3:~~r<200&&(r=200),s.height=r):\"link\"===t.message&&(r=new URL(s.getAttribute(\"src\")),n=new URL(t.value),c.test(n.protocol))&&n.host===r.host&&l.activeElement===s&&(d.top.location.href=t.value))}},d.addEventListener(\"message\",d.wp.receiveEmbedMessage,!1),l.addEventListener(\"DOMContentLoaded\",function(){for(var e,t,s=l.querySelectorAll(\"iframe.wp-embedded-content\"),r=0;r<s.length;r++)(t=(e=s[r]).getAttribute(\"data-secret\"))||(t=Math.random().toString(36).substring(2,12),e.src+=\"#?secret=\"+t,e.setAttribute(\"data-secret\",t)),e.contentWindow.postMessage({message:\"ready\",secret:t},\"*\")},!1)))}(window,document);\n\/\/# sourceURL=https:\/\/entandem.cat\/wp-includes\/js\/wp-embed.min.js\n\/* ]]> *\/\n<\/script>\n","thumbnail_url":"https:\/\/entandem.cat\/wp-content\/uploads\/2018\/11\/Irene-Esteban_Valencia.jpeg","thumbnail_width":1599,"thumbnail_height":1200,"description":"&nbsp; Nous mettons en place le projet de volontariat enT\u00e0ndem d\u2019accompagnement dans diff\u00e9rentes Zones d\u2019Education Prioritaires de la ville. Cette ann\u00e9e scolaire 2018-19, l\u2019AFEV ouvre une nouvelle d\u00e9l\u00e9gation dans la ville de Valence (Espagne). Nous commen\u00e7ons \u00e0 propulser le projet de mentorat social et \u00e9ducatif enT\u00e0ndem, un projet de volontariat pour accompagner des enfants et &hellip; Continued"}

enTàndem

L'AFEV ouvre un nouveau siège à València - enTàndem

<blockquote class="wp-embedded-content" data-secret="gmdeM4WhrE"><a href="https://entandem.cat/fr/savais-tu-que/lafev-ouvre-un-nouveau-siege-valencia/">L&rsquo;AFEV ouvre un nouveau siège à València</a></blockquote><iframe sandbox="allow-scripts" security="restricted" src="https://entandem.cat/fr/savais-tu-que/lafev-ouvre-un-nouveau-siege-valencia/embed/#?secret=gmdeM4WhrE" width="600" height="338" title="« L&rsquo;AFEV ouvre un nouveau siège à València » &#8212; enTàndem" data-secret="gmdeM4WhrE" frameborder="0" marginwidth="0" marginheight="0" scrolling="no" class="wp-embedded-content"></iframe><script type="text/javascript">
/* <![CDATA[ */
/*! This file is auto-generated */
!function(d,l){"use strict";l.querySelector&&d.addEventListener&&"undefined"!=typeof URL&&(d.wp=d.wp||{},d.wp.receiveEmbedMessage||(d.wp.receiveEmbedMessage=function(e){var t=e.data;if((t||t.secret||t.message||t.value)&&!/[^a-zA-Z0-9]/.test(t.secret)){for(var s,r,n,a=l.querySelectorAll('iframe[data-secret="'+t.secret+'"]'),o=l.querySelectorAll('blockquote[data-secret="'+t.secret+'"]'),c=new RegExp("^https?:$","i"),i=0;i<o.length;i++)o[i].style.display="none";for(i=0;i<a.length;i++)s=a[i],e.source===s.contentWindow&&(s.removeAttribute("style"),"height"===t.message?(1e3<(r=parseInt(t.value,10))?r=1e3:~~r<200&&(r=200),s.height=r):"link"===t.message&&(r=new URL(s.getAttribute("src")),n=new URL(t.value),c.test(n.protocol))&&n.host===r.host&&l.activeElement===s&&(d.top.location.href=t.value))}},d.addEventListener("message",d.wp.receiveEmbedMessage,!1),l.addEventListener("DOMContentLoaded",function(){for(var e,t,s=l.querySelectorAll("iframe.wp-embedded-content"),r=0;r<s.length;r++)(t=(e=s[r]).getAttribute("data-secret"))||(t=Math.random().toString(36).substring(2,12),e.src+="#?secret="+t,e.setAttribute("data-secret",t)),e.contentWindow.postMessage({message:"ready",secret:t},"*")},!1)))}(window,document);
//# sourceURL=https://entandem.cat/wp-includes/js/wp-embed.min.js
/* ]]> */
</script>

&nbsp; Nous mettons en place le projet de volontariat enTàndem d’accompagnement dans différentes Zones d’Education Prioritaires de la ville. Cette année scolaire 2018-19, l’AFEV ouvre une nouvelle délégation dans la ville de Valence (Espagne). Nous commençons à propulser le projet de mentorat social et éducatif enTàndem, un projet de volontariat pour accompagner des enfants et &hellip; Continued
